 x(f).
9
Let v(n) = n**3 + 10*n**2 + 17*n + 17. Let t be v(-8). Let w(z) = -4*z**3 + 9 + z**3 - t*z**2 - 15*z + 4*z**3 - 2*z**3. Calculate w(-7).
16
Let l(p) = p**2 - 9*p + 5. Let j(o) = -3*o**2 + 26*o - 14. Let g(y) = -6*j(y) - 17*l(y). Let x = 3 - 0. Suppose x = 2*q - 7. Give g(q).
9
Let d(j) = -182*j + 1334. Let q(h) = -50*h + 381. Let l(o) = 5*d(o) - 18*q(o). Calculate l(-19).
2
Let k(t) = -2*t**2 + 12*t + 27. Let l be 210/(-112)*(-8)/(-10)*(-2 - -4). Determine k(l).
-27
Let l(u) = -6*u**3 + 2*u**2 - 3*u + 2. Let z(w) = -31*w + 128. Let m be z(4). Let h be 7 - (2 - m/(-1)). What is l(h)?
-5
Let g(t) = -72*t**3 + 2*t**2 + 2*t + 1. Suppose -5*v - 33 = -4*q, 5*v - 92*q = -87*q - 40. Give g(v).
73
Let o(f) = 5*f**2 + 20215 - 40428 + f**3 + 5*f + 20216. Determine o(-4).
-1
Let z = 115 + -65. Let u = -54 + z. Let q be (-6)/u*(-10)/15. Let c(l) = 3*l**3 - l. Give c(q).
-2
Let m be 3*(8/(-6) + 0). Suppose 854 + 2480 = 2*a. Let p(r) = 0 - 1663*r**2 + r**3 + a*r**2 + 2. Calculate p(m).
2
Let q = -2888 - -2886. Let k(o) be the second derivative of 3*o**3/2 + 3*o**2/2 - 27*o. Determine k(q).
-15
Suppose 0 = -2*l - 1 + 9. Let y(h) = h**2 - 8*h + 7. Let r be y(l). Let u be ((-2)/(4/r))/(15/20). Let a(c) = c**2 - 5*c + 4. Calculate a(u).
10
Let p(i) = i**3 - 7*i**2 + 15*i - 2. Let y be p(5). Suppose 4*k + 31 = y. Let j(t) be the second derivative of -t**3/6 - t**2/2 - 2*t. Give j(k).
1
Let d(u) = 4*u**3 + 3*u**2 - 5*u + 3. Let o be d(1). Let f(z) = -5*z + o*z + 11*z + 3 + z**2 + 9*z - 13*z. What is f(-7)?
3
Let z(p) = -87*p + 202*p - 71*p - 45*p - 8. Suppose 0 = 2*s + 2*m - 28, 5*s + 0*m - 2*m = 84. Suppose s = -5*c + 3*c. Determine z(c).
0
Let l = 44127 - 44136. Let a(x) = -8*x - 78. Determine a(l).
-6
Let k(v) = 14*v - 26. Let p(s) be the third derivative of 11*s**4/12 - 20*s**3/3 + 168*s**2. Let x(m) = 8*k(m) - 5*p(m). Give x(4).
0
Let u(q) be the first derivative of -15*q**2 + 98*q - 808. Calculate u(3).
8
Suppose 0 = -9*d + 7*d + 330. Suppose 3*l + 10 = 13. Let q be l/(-2) - d/(-22). Let o(z) = -z**3 + 6*z**2 + 9*z + 8. Give o(q).
22
Let w(x) = x**3 - 31*x**2 + 33*x - 51. Let f be w(26). Let k be f/527 - (-2)/(-17). Let r(p) = -p**2 - 5*p - 4. Give r(k).
-4
Let b(c) = c**3 + 5*c**2 + 5*c + 1. Suppose -2*m + 24 = 2*a, 0*a + 20 = 2*m + 3*a. Let d(g) = -g**3 + 16*g**2 - 3*g + 44. Let i be d(m). Give b(i).
-3
Suppose -10 + 36 = -26*t. Let k(i) = 14*i**2 - 3. What is k(t)?
11
Let q be (-6)/4 - (4 - 88/16 - 3). Let x(h) = -2*h**3 + h**2 + 5*h - 4. What is x(q)?
-34
Let g(b) = 0 + 0*b + 143*b**2 + 158*b**2 - 286*b**2 - 1 - 2*b. What is g(-1)?
16
Let i = 7362 - 7374. Let q(x) = x - 31. What is q(i)?
-43
Let r(l) = 18*l**3 - l**2 + 2*l - 1. Suppose -22 = -2*b - 0. Suppose -141 = b*x - 8*x. Let s = 48 + x. Determine r(s).
18
Let d(x) be the first derivative of 222*x**2 + x + 47 - 110*x**2 - 117*x**2. Calculate d(1).
-9
Suppose 0 = -9*x - 3*x + 60. Suppose -x*f - 12 = 23. Let r(q) = q**3 + 7*q**2 - 3*q + 2. Give r(f).
23
Let n(u) = -u**3 + 5*u**2 + 4*u + 13. Let r(q) = -q + 11. Let a be r(5). Let v be n(a). Let y(h) = 0 - 15*h + 0 + 10*h. Determine y(v).
-5
Let t(z) = 86254*z - 9 - 43104*z - 43130*z. Give t(1).
11
Let r(f) = -f**2 + 2*f - 1. Let m = 49 - 50. Let a(x) = 5*x**2 - 3*x + 4. Let u(j) = m*a(j) - 4*r(j). What is u(-6)?
-6
Let a(j) be the third derivative of -j**6/120 - j**5/10 - j**4/4 - j**3 - 28*j**2 + 5. Determine a(-5).
-1
Suppose 0 = 3*i - 45 + 24. Let z(w) = -6*w**2 - 6*w - 4 - 6 + w**3 + 1 + 0*w**3. Calculate z(i).
-2
Let j(x) = x + 20. Let o(m) = 5*m + 120. Let a(u) = 35*j(u) - 6*o(u). Let p(v) = 27*v - 103. Let r(z) = 11*a(z) - 2*p(z). Calculate r(9).
-5
Suppose -25*y = -37*y + 24. Let b be 21/y*(-46)/69. Let h(t) = 4*t + 24. Give h(b).
-4
Let y(v) = v**3 + 5*v**2 - 2*v - 2. Suppose -33*b = -28*b - 105. Let x be 7/b - (-10)/6. Suppose -18 = 2*a - x*k, -22 = a - 2*k - 9. Give y(a).
8
Let c(g) = -11*g**2 - 37*g - 47. Let v(f) = -7*f**2 - 19*f - 24. Let p(z) = 3*c(z) - 5*v(z). Determine p(9).
-3
Suppose -131 - 19 = -10*t. Let a(j) = 29*j + 18*j - j**3 - 53*j - 5 - 8*j**2 + t. Suppose 0 = -4*i - i - 35. Calculate a(i).
3
Let b be ((-16)/(-12))/(193/(-5790)). Let a(g) = g**2 + 39*g - 55. Determine a(b).
-15
Suppose 5*z + 3361 = j, j - 1005 = z + 2372. Let t(s) = -3*s + j + s**2 - 3381. Let b(v) = -v**2 + 3*v - 1. Let a(i) = -2*b(i) - 3*t(i). Calculate a(4).
-2
Let n(w) = 2*w + 9*w**2 + 25*w + 13*w**2 - 21*w**2 + 87. Determine n(-23).
-5
Let l(p) = p + 7. Let w(n) = -2 - n**2 + 0*n**2 + 8*n + 0*n**2. Let b be w(8). Let s(i) = -3*i - 15. Let m(j) = b*s(j) - 5*l(j). Determine m(0).
-5
Let p be (-3)/((-35)/(-25) - 2). Suppose -17 = p*f - 27. Let x(y) = 2*y**3 + y**2 + 4*y - 3. Determine x(f).
25
Let s be -10 + 5 - 5/((-100)/110). Let m(a) be the first derivative of s*a**2 - 1/4*a**4 + 11 + 2/3*a**3 - 3*a. Determine m(3).
-9
Let c(d) be the third derivative of -d**6/120 - d**5/15 + d**4/3 + 2*d**3/3 + 2867*d**2. Determine c(-4).
-28
Let h(m) be the first derivative of -m**3/3 - 8*m**2 - 43*m + 1421. Calculate h(-13).
-4
Let g(v) = 7062*v**2 - 3530*v**2 - 3531*v**2 + 0*v + v + 4 - 7*v. Let z(n) = -n**2 + 6*n - 3. Let r be z(5). What is g(r)?
-4
Suppose 61*y + 10 = 60*y - s, 5*s + 29 = -2*y. Let a(f) = -f**3 - 4*f**2 + 4*f - 17. Calculate a(y).
102
Let p(a) = -8*a - 4. Let r(z) = z**3 - z**2 - 26*z - 7. Let b be r(7). Let u = 107 - b. What is p(u)?
-20
Let x(y) = 285*y - 138*y - 2*y**3 + 17 - 153*y + y**3 + 8*y**2 + 26. What is x(8)?
-5
Suppose -38 = -4*f - 3*q, 0 = -f - 4*f + 3*q + 34. Let c(b) be the first derivative of -b**3/3 + 2*b**2 + b + 2582. Give c(f).
-31
Let a = -92 + 95. Let u be 19/4 + a/12. Suppose 11*g = -5*c + 10*g + 30, u*g = 2*c - 12. Let z(f) = f - 2. Calculate z(c).
4
Let l(c) be the second derivative of -5/2*c**2 - 1/6*c**3 + 0*c**4 - 1/20*c**5 + 43 + 2*c. Determine l(0).
-5
Let w be (-2)/((-336)/162 + 2). Suppose 8*s + d = 41, -5*s = 2*d - 0*d - w. Let t(p) be the third derivative of p**4/12 - 7*p**3/6 + p**2. Calculate t(s).
3
Let m(b) = -3*b + 13. Let c(x) = -14*x + 73. Let t(o) = 2*c(o) - 11*m(o). Give t(-1).
-2
Let y = -2 + 0. Let z = y + 3. Let n(j) = 36 + 684*j - 692*j - 35. What is n(z)?
-7
Suppose 65 = -5*w + 40. Let b(r) be the first derivative of 5*r + 1/3*r**3 + 9 + 7/2*r**2. Determine b(w).
-5
Suppose -17*n - 1778 + 1897 = 0. Let c(x) = x**2 + 9*x - 107. Calculate c(n).
5
Let o(f) = 3*f**3 + 4*f**2 - 4*f + 3. Suppose 0 = -3*q - 94 + 91. Let c be (7 - (1 - q)) + -3. Determine o(c).
35
Let g(j) = -11*j**2 - 16*j + 1. Suppose 9*y - 12*y + 30 = -18*y. Give g(y).
-11
Let l(i) = -i**3 - 3*i**2 + 2*i + 3. Let g = -15 + 29. Suppose -1 = 88*d + 114*d - 1. Suppose d*k = 3*y + k + g, -4*y - 27 = 3*k. What is l(y)?
-3
Let i(z) = -8*z**3 - 14. Let b(x) = -21*x**3 + x**2 - x - 41. Let o(p) = -3*b(p) + 8*i(p). Give o(-5).
46
Let i(r) = -6238*r - 2*r**2 + 6257*r + 3 + 3. Determine i(10).
-4
Let u(i) = -19*i + i**2 - 1027 - 1034 - 1040 + 3079. Determine u(13).
-100
Let g(n) = -n + 2. Let w be g(-1). Let s(p) = 4*p**3 - 22*p - 5*p**2 - 12 - 5*p**2 - 5*p**w. Let l be s(-7). Let c(m) = m**3 + 5*m**2 - 2*m + 2. Determine c(l).
12
Let s(i) = i**2 + 15*i + 210. Let r(q) = 2*q**2 + 29*q + 495. Let n(j) = -2*r(j) + 5*s(j). Calculate n(-6).
-6
Let f(v) = 5*v**2 + 11*v - 8. Let w be f(4). Let c = w - 118. Let j(m) = m - 3 - 4*m + m - 4*m. Give j(c).
9
Let i = 15 - 8. Let y be -5*(12 - (-504)/(-30)). Suppose -11 - y = i*h. Let l(s) = s**2 + 5*s - 1. Give l(h).
-1
Let l(h) = h**3 + 20*h**2 - 68*h + 13. Suppose -10*w = -2*t + 218, 0 = -5*t - 16 - 14. Determine l(w).
-10
Let b(z) be the third derivative of z**6/360 - z**5/15 - z**4/6 - 121*z**3/6 + z**2. Let k(a) be the first derivative of b(a). Determine k(8).
-4
Suppose -27 = -2*v + 3*z, 1 = -584*v + 585*v + z. Let u(h) = 2*h - 24. What is u(v)?
-12
Let n(j) = -j**2 + 96*j + 3. Let q be n(0). Let l(b) = -8*b - 9. What is l(q)?
-33
Let w be (-4)/6*(-6)/4. Let p(a) = 2 - 85*a - w + 0 + 59*a. What is p(1)?
-25
Let g(q) = 4*q - 13 - 2*q - q**3 + 333*q**2 - 324*q**2. Let k = -87 - -96. What is g(k)?
5
Let s be 36 - 3 - (7 + -6 + -2). Suppose 2*l - 4*t = 5*l - 3, -5*l + 3*t + s = 0. Let r(n) = n**2 - 6*n + 3. Give r(l).
-2
Let b = 3793 - 3785. Let a(j) = 7*j - 64. What is a(b)?
-8
Let s(u) be the th